= -p + 10, 0*b - 15 = 3*b. Suppose -2*f = -2*a + p, -3*a - 4*f = -0*f - 44. What is the greatest common divisor of a and 3?
3
Suppose 5*k = -2*d + 486, -502 = -2*d - 2*k + k. Calculate the greatest common divisor of d and 23.
23
Let x = 80 + -67. Suppose 2*k + 5*u - 18 = 2, 0 = -3*k - 2*u + 8. Let n be 13*5*(k + 1). Calculate the highest common factor of n and x.
13
Suppose -x + 1 + 2 = 0. Let o = x - -1. Calculate the greatest common factor of 4 and o.
4
Suppose 4*y + 3*p - 41 = 0, 4*y + p + 3 - 54 = 0. Calculate the greatest common divisor of y and 119.
7
Let i be (-4)/18 - (-22)/18. What is the highest common divisor of i and 5?
1
Let k = 21 + 4. What is the greatest common divisor of k and 10?
5
Suppose 2*j - 2*s - 188 = 0, 0*j + 4*j = 2*s + 378. Calculate the highest common factor of j and 38.
19
Suppose 5*b + o - 20 = 0, -2*b - 4*o + 2*o = -16. Suppose 2*n = b*n - 5. Calculate the greatest common divisor of 10 and n.
5
Let r be (-2)/(-1 - -3)*5. Let w = -11 - -10. Let z be w*(-16)/r*-20. What is the greatest common factor of z and 8?
8
Let i = -39 - -75. Calculate the greatest common factor of 4 and i.
4
Suppose -5*y - 29 = -2*d, 0*d - 1 = -3*d - y. Suppose 3*g - 4*g = 0, -d*g = -3*h + 15. Let b = 8 + 32. Calculate the highest common divisor of b and h.
5
Suppose 14 = 2*z - 4*u, 0 = -4*z + u - 2*u + 1. Let d = z - 1. Suppose d = 3*x - q - 122, 4*x - 6*q - 164 = -5*q. What is the highest common factor of 28 and x?
14
Suppose -5*i = 2*p - 15, 2*i + 5*p - p = -10. Let y = i + 2. What is the greatest common factor of y and 56?
7
Let x be 4/(4/3) + -1. Suppose 0 = 2*f - 5*h + 17, 3 = -5*f + 2*f + 3*h. Calculate the highest common factor of f and x.
2
Let h(x) = x**3 + 7*x**2 + 4*x - 8. Let b be h(-6). What is the highest common factor of b and 1?
1
Suppose 4*i + 24 = 2*o, 5*o - 2*i + 11 - 47 = 0. What is the greatest common divisor of 138 and o?
6
Let b(u) = -11*u + 28. Let y be b(-12). What is the highest common divisor of 20 and y?
20
Let m = -9 - -15. Calculate the highest common divisor of m and 4.
2
Let p be -2*(-135)/(-4 + 7). What is the highest common divisor of 18 and p?
18
Suppose 4*j - 60 = -j. Suppose 1728 = 17*o + o. What is the highest common divisor of j and o?
12
Let w(q) = 7*q - 4 + 2*q - 4*q + q**2. Let u be w(-6). Calculate the highest common factor of u and 1.
1
Let c = 78 - 40. Calculate the highest common factor of 19 and c.
19
Let q(i) = -i**3 - 8*i**2 - 4*i + 8. Let j be q(-8). Let u = 31 - 11. Calculate the highest common divisor of u and j.
20
Let h = 1321 + -514. Suppose 3*l + l = d + 651, 5*l + d - h = 0. What is the greatest common factor of l and 18?
18
Let x = 30 + 8. Suppose -62 = -5*w + x. Calculate the highest common divisor of 30 and w.
10
Suppose -1 = -5*w + 24. Suppose 0 = w*s - 5*h - 100, -18 = -s - 3*h + 18. What is the greatest common divisor of 16 and s?
8
Let k = -7 - -7. Suppose 2*y = -k*y. Suppose y*w = 5*w - 360. What is the highest common divisor of 9 and w?
9
Suppose 4*t - 4 = 0, -2*d + 5*t + 40 = -75. What is the greatest common factor of d and 150?
30
Let n = -41 - -43. What is the greatest common factor of 8 and n?
2
Suppose 2*j - u - u = 406, 394 = 2*j - 5*u. Calculate the greatest common divisor of 23 and j.
23
Suppose 4*x - 188 = 2*d, 5*x = 2*x - 2*d + 127. Suppose -2*u = -2*f + 32, 2*u - 3*u + 3*f = 6. Let k = x + u. What is the highest common factor of 36 and k?
12
Let s be (-2)/3 - 6180/(-9). Let l be (3/1)/(21/s). What is the highest common factor of l and 14?
14
Suppose -4*m - 10 = -42. Suppose 36 = 3*b + 2*c - m, 4*b = -5*c + 68. What is the greatest common divisor of b and 60?
12
Let i = 18 + -183. Let j be (208/(-20))/(6/i). Calculate the highest common divisor of 26 and j.
26
Let y = 116 + -106. Calculate the greatest common divisor of y and 50.
10
Let a = 128 + -58. Suppose 3*u = 3*n + 21, 9 = -2*u - 5*n - 5. Suppose -4*j + 14 = -u*j. What is the greatest common factor of a and j?
14
Let g(i) = i**2 + 20*i - 20. Let m be g(-22). What is the greatest common divisor of m and 36?
12
Suppose 3*j - 20 = -2*n, -3*n = 2*j - 5*n - 30. Let p be (126/j)/(1/5). Calculate the greatest common divisor of 9 and p.
9
Suppose -32 = -3*u - u. Suppose -3*s + u = -2*s. What is the greatest common factor of 72 and s?
8
Let l(r) = -9*r - 28. Let h be l(-4). What is the highest common divisor of 8 and h?
8
Let u = 1 + 1. Suppose z + 2*z = 6. Suppose 0 - u = v, 2*v = z*s - 16. What is the highest common divisor of 66 and s?
6
Let w be 0 + 176/6 + 2/3. Calculate the highest common factor of 15 and w.
15
Let b(d) = 3*d - 2*d + 7 + 0*d. Let h be b(-4). Let y be (33/4)/(3/12). Calculate the greatest common factor of y and h.
3
Let f be (6 - (3 + -6 - -6)) + 5. What is the greatest common factor of f and 136?
8
Let c = 100 - 56. Calculate the highest common factor of 110 and c.
22
Suppose 3*y = -5*q + 2*y + 10, -2*q - 2*y - 4 = 0. Let s = -26 + 56. What is the greatest common factor of s and q?
3
Suppose d + 2 = 4. Let r(t) = -t**3 - 5*t**2 - t + 1. Let y be r(-5). Suppose v - y = -2*v. What is the highest common divisor of v and d?
2
Let m(u) = -105*u - 1. Let o be m(-1). Suppose 2*z - o = 2*i, z - 4*i + 32 = 2*z. Calculate the highest common factor of z and 12.
12
Suppose b = 4*b + 5*g - 155, -188 = -4*b - 2*g. Let p(f) = 1 - 8 + 5*f + 6 + 4. Let h be p(3). What is the greatest common factor of h and b?
9
Let p(q) = 0*q + 14*q**2 + 1 - 13*q**2 - 4*q. Let k be p(5). Calculate the highest common divisor of 18 and k.
6
Let u = -52 + 102. Let r = -28 + 48. What is the greatest common divisor of u and r?
10
Let q = -7 + 13. Let f(u) = 4*u - 4. Let v be f(q). What is the greatest common factor of 10 and v?
10
Let k be (-228)/(-20) - 4/10. Suppose -2*d = 5*s + 17, -4*s + 5*s = d - 2. Let v be (-1)/s - 196/(-6). Calculate the greatest common factor of v and k.
11
Suppose 7*r - 12*r - 100 = 0. Suppose 0 = 5*g - 4*g - 5*n - 90, -5*g - 2*n = -369. Let q = g + r. What is the highest common factor of q and 5?
5
Let n be 30/9*(-3 + 36/8). Let m be (-4)/3*(-153)/6. Suppose -n*z - 9 + m = 0. What is the highest common divisor of z and 55?
5
Let r be (54/45)/(2/35). Calculate the greatest common divisor of 28 and r.
7
Suppose -3*z - t + 51 = 3*t, 58 = 4*z + 2*t. Calculate the highest common divisor of z and 65.
13
Let k be (4 + -1)/(3/2). Suppose 0 = d - k*n + 201, 2*n + 3*n + 229 = -d. Let z = -124 - d. What is the greatest common divisor of z and 17?
17
Suppose 7*x - 3*x = 440. What is the greatest common divisor of x and 44?
22
Let v = -16 - -32. Let j = 85 + -81. Calculate the highest common factor of j and v.
4
Suppose -2*t + 6*t = -28. Let f(p) = p + 15. Let k be f(t). Suppose -2*y + 0 = -4, 0 = 3*b + 4*y - 80. Calculate the greatest common factor of b and k.
8
Let h(k) be the second derivative of k**4/12 - k**3/2 + 2*k**2 - 2*k. Let c be h(3). Suppose j - 120 = -c*j. What is the greatest common factor of 3 and j?
3
Let k(s) = -13*s**3 + s + 1. Suppose -3*d = 0, 3*i = -2*i - 3*d - 5. Let t be k(i). Calculate the greatest common divisor of t and 104.
13
Suppose -o + 0 = f + 2, -3*o + f = 2. Let v = -1 - o. Suppose -5*p - 2*m = -512, 5*p - 516 = -v*m - m. Calculate the highest common divisor of 13 and p.
13
Let f(r) = 4*r**2 - 3*r - 4. Let z be f(-4). Let b(g) = g**2 - 6*g - 7. Let o be b(11). What is the greatest common factor of z and o?
24
Suppose 2*a - 16 = 2. Suppose -a*x = -5*x - 1044. Calculate the greatest common factor of 29 and x.
29
Let g(y) = 3 - 3 + 4 + y**2 + 4*y. Let k be g(-4). Calculate the highest common factor of k and 10.
2
Suppose 0 = 4*c - 5*s - 23, -6*s - 2 = 5*c - 2*s. Suppose -c + 4 = -y, 2*y + 76 = 3*g. What is the highest common divisor of g and 8?
8
Let o be (-1 - -1)/(-1 - -2). Suppose o = h - 4*h + 345. What is the highest common divisor of h and 46?
23
Let i = -3 + 2. Let z be ((-12)/(-3)*i)/(-2). Suppose d = -z*d + 78. Calculate the highest common divisor of 39 and d.
13
Suppose -9 = -2*t + 5. Suppose -3*m = 2*m - 20. Suppose 4*n = m*b + 24, b = 1 - 0. Calculate the highest common divisor of n and t.
7
Let f be 1 - (-16 - (1 - 4)). Calculate the greatest common divisor of f and 14.
14
Suppose 2*b + 108 = 3*b. Suppose 6*c = 2*c + b. What is the highest common divisor of c and 3?
3
Let